?
6
What is the hundred thousands digit of 42697931?
6
What is the tens digit of 27787588?
8
What is the billions digit of 4113101127?
4
What is the hundred millions digit of 2465564991?
4
What is the hundreds digit of 341019786?
7
What is the ten thousands digit of 109606381?
0
What is the ten thousands digit of 6433382451?
8
What is the ten millions digit of 907371318?
0
What is the ten thousands digit of 562789666?
8
What is the hundreds digit of 30283273?
2
What is the tens digit of 284520618?
1
What is the thousands digit of 1081019081?
9
What is the hundred millions digit of 1339266301?
3
What is the ten millions digit of 67314232?
6
What is the hundred thousands digit of 291133338?
1
What is the hundred thousands digit of 22152156?
1
What is the ten millions digit of 24818220?
2
What is the ten thousands digit of 5382017553?
1
What is the ten thousands digit of 1004793980?
9
What is the millions digit of 49025258?
9
What is the millions digit of 7509406486?
9
What is the millions digit of 2655546513?
5
What is the tens digit of 2475175?
7
What is the units digit of 1293636544?
4
What is the hundreds digit of 42141503?
5
What is the thousands digit of 2499856785?
6
What is the units digit of 199431308?
8
What is the tens digit of 101355751?
5
What is the ten millions digit of 1361273116?
6
What is the thousands digit of 121843959?
3
What is the thousands digit of 100078543?
8
What is the units digit of 23886669?
9
What is the millions digit of 43311861?
3
What is the ten thousands digit of 902658?
0
What is the units digit of 27298278?
8
What is the hundreds digit of 165370805?
8
What is the ten thousands digit of 93402134?
0
What is the units digit of 275599956?
6
What is the hundred thousands digit of 883832543?
8
What is the millions digit of 7787638?
7
What is the billions digit of 4447317791?
4
What is the units digit of 57753180?
0
What is the units digit of 48104521?
1
What is the millions digit of 79225444?
9
What is the hundred thousands digit of 24405362?
4
What is the hundreds digit of 65431530?
5
What is the ten thousands digit of 59205182?
0
What is the units digit of 3263280708?
8
What is the hundreds digit of 688523594?
5
What is the ten thousands digit of 15808594?
0
What is the hundred millions digit of 351081829?
3
What is the thousands digit of 16804569?
4
What is the thousands digit of 3854371569?
1
What is the hundred thousands digit of 7430680?
4
What is the hundred millions digit of 1657204065?
6
What is the hundred thousands digit of 38915634?
9
What is the millions digit of 264803588?
4
What is the thousands digit of 3173249346?
9
What is the hundreds digit of 482820133?
1
What is the ten millions digit of 17857167?
1
What is the hundreds digit of 60113236?
2
What is the thousands digit of 1535943708?
3
What is the ten millions digit of 1120605151?
2
What is the ten millions digit of 260151011?
6
What is the hundred thousands digit of 5835179501?
1
What is the tens digit of 1815882094?
9
What is the millions digit of 2249762441?
9
What is the ten millions digit of 51557268?
5
What is the tens digit of 181575109?
0
What is the ten millions digit of 264181776?
6
What is the ten thousands digit of 733403588?
0
What is the hundred millions digit of 4808832852?
8
What is the hundred thousands digit of 38415850?
4
What is the ten thousands digit of 4252260?
5
What is the ten thousands digit of 625368667?
6
What is the millions digit of 122713763?
2
What is the millions digit of 964909398?
4
What is the hundred thousands digit of 141783821?
7
What is the ten millions digit of 168779454?
6
What is the hundred millions digit of 2649636127?
6
What is the ten thousands digit of 71378342?
7
What is the thousands digit of 1664179954?
9
What is the ten thousands digit of 168115194?
1
What is the millions digit of 18225309?
8
What is the millions digit of 854252858?
4
What is the millions digit of 242468231?
2
What is the units digit of 1118982049?
9
What is the ten thousands digit of 443404335?
0
What is the millions digit of 198803528?
8
What is the billions digit of 1917919675?
1
What is the hundred millions digit of 2733651759?
7
What is the millions digit of 84152919?
4
What is the ten thousands digit of 6245183228?
8
What is the ten millions digit of 1939024827?
3
What is the hundreds digit of 79765292?
2
What is the ten millions digit of 3180755918?
8
What is the ten millions digit of 465033999?
6
What is the millions digit of 78245883?
8
What is the hundred millions digit of 387833952?
3
What is the hundred thousands digit of 2017503412?
5
What is the tens digit of 407078809?
0
What is the ten thousands digit of 2585288489?
8
What is the millions digit of 707309878?
7
What is the ten millions digit of 688269479?
8
What is the ten millions digit of 28227152?
2
What is the hundred thousands digit of 854487278?
4
What is the hundred thousands digit of 82300713?
3
What is the ten thousands digit of 2749891397?
9
What is the tens digit of 3188635216?
1
What is the units digit of 726100131?
1
What is the hundreds digit of 3086164038?
0
What is the hundred millions digit of 286228560?
2
What is the hundred millions digit of 670786309?
6
What is the ten thousands digit of 38059968?
5
What is the millions digit of 33677308?
3
What is the billions digit of 7310318243?
7
What is the ten thousands digit of 53414466?
1
What is the hundred millions digit of 476218685?
4
What is the thousands digit of 52972511?
2
What is the hundred millions digit of 120605742?
1
What is the hundred millions digit of 598278824?
5
What is the hundred millions digit of 514741408?
5
What is the millions digit of 257150123?
7
What is the hundreds digit of 655702047?
0
What is the tens digit of 932648485?
8
What is the hundreds digit of 556133939?
9
What is the ten thousands digit of 951215545?
1
What is the units digit of 99790768?
8
What is the units digit of 196434198?
8
What is the ten millions digit of 1319487043?
1
What is the hundreds digit of 3609937460?
4
What is the ten thousands digit of 15692378?
9
What is the millions digit of 183215363?
3
What is the units digit of 255533449?
9
What is the units digit of 139077193?
3
What is the tens digit of 644921323?
2
What is the ten millions digit of 234999903?
3
What is the hundreds digit of 41294607?
6
What is the hundred thousands digit of 611218322?
2
What is the hundreds digit of 382965250?
2
What is the millions digit of 728655878?
8
What is the hundred millions digit of 1571870223?
5
What is the units digit of 189246361?
1
What is the units digit of 42319187?
7
What is the hundreds digit of 870985257?
2
What is the units digit of 144496542?
2
What is the ten millions digit of 384462298?
8
What is the ten thousands digit of 48254984?
5
What is the thousands digit of 291021351?
1
What is the thousands digit of 11252099?
2
What is the thousands digit of 1418999219?
9
What is the hundreds digit of 763710599?
5
What is the thousands digit of 74117640?
7
What is the tens digit of 245507370?
7
What is the thousands digit of 886383759?
3
What is the units digit of 34407561?
1
What is the hundreds digit of 26777101?
1
What is the ten thousands digit of 10051775?
5
What is the hundreds digit of 7230595574?
5
What is the hundreds digit of 52555995?
9
What is the hundreds digit of 179112234?
2
What is the ten thousands digit of 223895689?
9
What is the ten millions digit of 28262541?
2
What is the hundred thousands digit of 115745261?
7
What is the ten millions digit of 144179432?
4
What is the ten thousands digit of 985373654?
7
What is the hundred thousands digit of 60142995?
1
What is the millions digit of 171570616?
1
What is the hundreds digit of 79773497?
4
What is the millions digit of 16236477?
6
What is the units digit of 215643606?
6
What is the millions digit of 337261882?
7
What is the ten millions digit of 1671435903?
7
What is the thousands digit of 29035815?
5
What is the tens digit of 50864125?
2
